v - 16. Let s = -32 - -40. Let r be g(s). What is the greatest common divisor of 32 and r?
32
Suppose -6*k + 79 = -35 + 72. Let l be (-141)/(-21) - (-2)/7. Calculate the greatest common divisor of k and l.
7
Suppose 4*p = 9*p - 35. Let b = 51 - 50. Calculate the greatest common factor of b and p.
1
Suppose -2*p + 54 = -2*k, 118 = 3*p + p - 2*k. Let r = -30 + p. Calculate the greatest common factor of 3 and r.
1
Let r = -40 + 74. Suppose 9*y = 892 - 127. Calculate the greatest common factor of r and y.
17
Suppose 6282 = 18*s - 15948. Calculate the greatest common factor of s and 130.
65
Let v(w) = 3*w**2 - 3 + 5 - 2*w**2. Let q be v(3). What is the greatest common divisor of q and 1?
1
Let a(o) = -9*o - 7. Let j be a(-6). Let v = j - 25. Suppose 4*i - 217 = -3*m, -3*i - 2*i + m = -276. Calculate the greatest common divisor of v and i.
11
Let c = 507 - 472. Calculate the highest common divisor of c and 455.
35
Suppose -5*k - 2*l + 417 = 0, 3*k = -3*l - 2*l + 235. Calculate the greatest common factor of 5 and k.
5
Suppose 3*u - 4*u - 5*v - 55 = 0, 3*u + 113 = -2*v. Let n = -2 - u. Calculate the highest common divisor of n and 33.
33
Let h be 2/(-3) + 560/(-6). Let k = -230 - h. Let t = k - -323. Calculate the highest common divisor of t and 17.
17
Let b(l) = 2*l**2 + 21*l - 4. Let x(c) = c**2 + 1. Let r(g) = b(g) - 4*x(g). Let t be r(10). What is the greatest common divisor of 14 and t?
2
Let c be (-30)/(-5)*(-14)/(-4). Suppose -c*n + 25*n - 184 = 0. What is the greatest common factor of 506 and n?
46
Suppose 2*x = -0*x - a - 3, 5*a + 26 = x. Suppose -q - x = -7. Let g(f) = 5*f**2 + 4*f + 15. Let b be g(-3). Calculate the highest common divisor of b and q.
6
Suppose 0 = 2*d + 1 + 7, 3*d = -2*h - 8. Suppose -2*i + 2*u - 4*u = -224, -2*i = -h*u - 208. Suppose -6 = -a + 6. What is the highest common factor of a and i?
12
Suppose -62*o + 56*o + 1104 = 0. What is the greatest common divisor of o and 138?
46
Let f = -226 + 390. What is the greatest common divisor of 123 and f?
41
Suppose 10*d - 58 = 2. Suppose 3 = -3*g, 17 = d*k - 3*k - 5*g. What is the greatest common divisor of 32 and k?
4
Suppose 5*m = 2*m - 135. Suppose -2*a - 90 = a. Let c = a - m. Calculate the greatest common factor of c and 5.
5
Let x be (-11)/((-88)/280) + -4 + 2. What is the greatest common factor of x and 154?
11
Let g = -63 + 63. Suppose 24*l - 22*l - 182 = g. Calculate the greatest common factor of l and 26.
13
Let a be (-82)/(4 + (-21)/6). Let o = 254 + a. Suppose 14 = v - 3*y - 4, 3*y = 4*v - o. Calculate the greatest common factor of 6 and v.
6
Let g(j) = 2*j**2 - 2*j - 1. Suppose 0 = 3*r - 3*b + 3 + 6, 5*b - 9 = -r. Let x be g(r). What is the greatest common factor of x and 24?
3
Let s be (-102)/4*(6 - 114/9). Let w = s - 82. Calculate the highest common divisor of w and 11.
11
Let w be (12/24)/((-2)/(-112)). What is the greatest common factor of w and 8?
4
Let x(r) = -3*r - 13. Let v(q) = 3*q + 12. Let l(o) = -7*v(o) - 6*x(o). Let g be l(-13). Calculate the highest common divisor of 99 and g.
33
Let m be 0*2/4*-2. Suppose t + 4*g + 10 = m, -g + 4*g = -3*t - 3. Suppose 3*a - 10 = t*a. Calculate the highest common factor of a and 10.
10
Suppose 712*q - 715*q = -21. What is the highest common divisor of 7 and q?
7
Let c be 48/(-12) - -1*(-200)/(-4). What is the highest common factor of 782 and c?
46
Let q(k) be the second derivative of 3*k**3/2 + 25*k**2 - 3*k + 1. Let z be q(30). Calculate the greatest common divisor of 40 and z.
40
Let c = 3131 - 3105. Let v(z) = 4*z + 6. Let m be v(5). What is the highest common factor of m and c?
26
Let p be 18/((-1)/4*-2). Let w(q) = -q**3 - q**2 + 4*q + 6. Let n = -54 - -51. Let y be w(n). What is the greatest common divisor of p and y?
12
Suppose 0 = -9*r - 15*r + 3696. What is the highest common factor of 11 and r?
11
Suppose -3*y - 5*l + 3*l = -1584, -4*y + 2112 = l. What is the highest common factor of 66 and y?
66
Suppose 4*t - 60 = 4*z, -z - 5 = -0*z. Suppose -4*y + 3*o + 34 = 0, 12*o + 36 = 4*y + 10*o. Calculate the highest common divisor of t and y.
10
Let f(b) = 50*b**2 - 2*b + 4. Let o be f(2). What is the highest common factor of 140 and o?
20
Let b(o) = o**3 + 22*o**2 + 13*o - 47. Let n be b(-21). What is the highest common divisor of 11 and n?
11
Let l(g) = 4*g**2 + 2*g + 3. Let a be l(-6). What is the greatest common divisor of a and 5?
5
Let u be (1 + -16)*4/10. Let t(z) = z**2 + 4*z - 2. Let m be t(u). Let v be (-1)/4 + 18/8. Calculate the greatest common factor of m and v.
2
Let l be 164808/294 - 8/14. Calculate the greatest common factor of 35 and l.
35
Let x(i) = -i**3 + 16*i**2 - 15*i + 14. Suppose 0*b - 9*b = -135. Let a be x(b). What is the greatest common factor of 14 and a?
14
Let y = 107 + -102. Suppose -41 = -2*i - j, 4*i = -y*j - 29 + 102. Calculate the greatest common factor of i and 22.
22
Let a be (-11)/((-99)/(-21))*-6. Calculate the highest common factor of 203 and a.
7
Let b = -1396 - -1404. Let a be (8/6)/(4/6). Let h = 10 - a. What is the greatest common divisor of b and h?
8
Suppose -155 = -2*u - s, 290*u - 288*u + 3*s - 165 = 0. What is the highest common divisor of u and 125?
25
Let u(j) = 2*j**3 - 7*j**2 - 10*j - 9. Let q be u(-4). Let i = q + 326. Calculate the greatest common factor of 13 and i.
13
Let f be 1 + 554 + (-2)/(-1). Suppose -f = -5*u + 743. Suppose 390 = 5*z - u. What is the greatest common factor of 26 and z?
26
Suppose 0*f - f = 5*g, g - 5*f - 26 = 0. Let p be (-474)/39 + (-4)/(-26). Let m = -9 - p. What is the greatest common divisor of g and m?
1
Let n(c) = -c + 12. Let y(m) = -m**3 + 8*m**2 - 17*m + 12. Let s be y(6). Let k be n(s). What is the highest common factor of k and 15?
15
Suppose 42*p = 44*p - 96. What is the greatest common factor of 656 and p?
16
Let c(h) = -h**2 + h + 84. Let a be c(0). Suppose 0 = -3*i - 5*d + 51, -21*d + 19*d + 66 = 5*i. Calculate the greatest common factor of i and a.
12
Let u be (-993)/(-6) + (-187)/(-34). What is the highest common divisor of u and 152?
19
Suppose p = -p - 5*r + 114, -3*r + 304 = 5*p. Suppose -5*y = -j - 53 - 6, 5*y - p = -2*j. Calculate the greatest common factor of 9 and y.
3
Suppose -h + 28 = 3*h. What is the greatest common divisor of h and 161?
7
Suppose 8*w = 3*o + 7*w - 505, 5*w = 3*o - 509. What is the highest common factor of o and 448?
56
Let a be 60/(-8)*(-14 - -2). Let g be ((-36)/54)/((-4)/a). Let u(j) = -32*j + 5. Let y be u(-5). Calculate the greatest common factor of g and y.
15
Let j be -26*4/(-11 - -3). Suppose 3*m = p + 107, 8*p - 3*p = -3*m + 95. Suppose k = m - j. Calculate the highest common divisor of k and 55.
11
Let f be -6*(-30)/9 - 2. Let p = -52 - -109. Suppose -33 = -m + p. What is the greatest common factor of f and m?
18
Let j(c) = 60*c**2 - c - 1. Let w be j(1). Calculate the greatest common factor of w and 29.
29
Let v be 213/3 + 1 + -2. Let q = 6 + -2. Suppose q*r + 0*r - 88 = -3*w, -52 = -2*w + 4*r. What is the greatest common factor of v and w?
14
Let u(g) = -g**3 + 5*g**2 - 4*g. Let c be u(5). Let r(a) = a**2 + 18*a - 36. Let q be r(c). What is the highest common factor of 8 and q?
4
Let z = -409 + 427. What is the greatest common divisor of 126 and z?
18
Let c(r) = -r**2 - 17*r + 24. Let n be c(-18). Let s be n/(-2)*153/(-27). Let p be 33/2 - 2/(-4). Calculate the highest common factor of s and p.
17
Let r be (-1)/(-3*3/63). Calculate the highest common divisor of r and 49.
7
Let i be (-11 - -7)*(-7)/(-4). Let l = 33 - i. Suppose 10 = -2*o + 3*o. What is the greatest common divisor of l and o?
10
Let m(y) = 7*y - 135. Let p be m(23). Calculate the greatest common factor of 104 and p.
26
Let r(i) = -3*i - 8. Let h be r(-4). Suppose 0 = v - 5*f - 61, 44 = 4*v + h*f - 152. Let s = -14 - -31. Calculate the greatest common factor of v and s.
17
Let c(x) = x**2 + 11*x + 13. Let n(g) = 5*g + 5. Let q be n(-3). Let y be c(q). Calculate the greatest common factor of y and 1.
1
Suppose -10*j + 83 = 23. Suppose u - j = 5. What is the greatest common divisor of u and 22?
11
Let l = 180 + -175. What is the highest common factor of 110 and l?
5
Suppose -2*q + 30 = 6. Calculate the highest common divisor of 21 and q.
3
Let t = 54 - 48. Suppose 7*o - t - 246 = 0. What is the highest common divisor